{"id":1714,"date":"2021-12-16T19:43:25","date_gmt":"2021-12-16T18:43:25","guid":{"rendered":"https:\/\/budokanporrentruy.ch\/?page_id=1714"},"modified":"2022-12-14T15:10:06","modified_gmt":"2022-12-14T14:10:06","slug":"cji-edition-2021","status":"publish","type":"page","link":"https:\/\/budokanporrentruy.ch\/index.php\/judo\/championnats-ju\/championnats-individuels\/cji-edition-2021\/","title":{"rendered":"Championnat jurassien individuel 2021"},"content":{"rendered":"\n<p>Quand : le dimanche 12 d\u00e9cembre 2021<\/p>\n<p>O\u00f9 : Salle de l&rsquo;Oiselier \u00e0 Porrentruy<\/p>\n<p>Organisation : Budo-Kan Porrentruy<\/p>\n<p>Vous trouverez de plus amples informations sur l&rsquo;organisation, les horaires et les cat\u00e9gories dans le document ci-dessous :<\/p>\n<p><span style=\"font-size: inherit;\">&gt;&gt; <a href=\"https:\/\/budokanporrentruy.ch\/wp-content\/uploads\/2021\/12\/infos-CJI-2021.docx\" target=\"_blank\" rel=\"noopener noreferrer\">CJI 2021 &#8211; Informations<\/a><\/span><\/p>\n<h1>Les r\u00e9sultats<\/h1>\n<p>Apr\u00e8s une ann\u00e9e d&rsquo;interruption due \u00e0 la pand\u00e9mie de Covid-19, les championnats 2021 se sont tenus dans une belle ambiance \u00e0 l&rsquo;Oiselier. Au total, 24 titres de championne et champion jurassien\ua78fne\ua78fs ont \u00e9t\u00e9 attribu\u00e9s aux quelque 86 participant\ua78fe\ua78fs.<\/p>\n<p><img loading=\"lazy\" decoding=\"async\" class=\"size-medium wp-image-1720 alignright\" src=\"https:\/\/budokanporrentruy.ch\/wp-content\/uploads\/2021\/12\/Site-1-300x200.jpg\" alt=\"\" width=\"300\" height=\"200\" srcset=\"https:\/\/budokanporrentruy.ch\/wp-content\/uploads\/2021\/12\/Site-1-300x200.jpg 300w, https:\/\/budokanporrentruy.ch\/wp-content\/uploads\/2021\/12\/Site-1-768x512.jpg 768w, https:\/\/budokanporrentruy.ch\/wp-content\/uploads\/2021\/12\/Site-1-1024x683.jpg 1024w\" sizes=\"(max-width: 300px) 100vw, 300px\" \/>Toutefois, en comptant les doubles-entr\u00e9es, le tournoi a enregistr\u00e9 au total 102 inscriptions. Malgr\u00e9 la diminution du nombre absolu de judoka\ua78fte\ua78fs (96 en 2019), il s&rsquo;agit d&rsquo;un bilan r\u00e9ellement satisfaisant\u00a0au vu des conditions.<\/p>\n<p>\u00c0 noter cette ann\u00e9e l&rsquo;organisation d&rsquo;une cat\u00e9gorie Open (tous poids confondus) chez les \u00e9lites masculins qui a rencontr\u00e9 un v\u00e9ritable succ\u00e8s, et qui a offert un spectacle de qualit\u00e9 aux plus jeunes et au public pr\u00e9sent en nombre.<\/p>\n<p>Enfin, comme d&rsquo;habitude, la pause de midi a \u00e9t\u00e9 l&rsquo;occasion pour le pr\u00e9sident de l&rsquo;AJJ Pascal Domont de tirer le bilan de l&rsquo;ann\u00e9e 2021 et r\u00e9compenser les m\u00e9daill\u00e9\ua78fe\ua78fs aux championnats nationaux et aux championnats romands. Cette partie officielle s&rsquo;est tenue en pr\u00e9sence notamment du directeur de la F\u00e9d\u00e9ration suisse de judo Samuel Knoepfel.<\/p>\n<p><img loading=\"lazy\" decoding=\"async\" class=\"size-medium wp-image-1721 alignleft\" src=\"https:\/\/budokanporrentruy.ch\/wp-content\/uploads\/2021\/12\/Site-2-300x200.jpg\" alt=\"\" width=\"300\" height=\"200\" srcset=\"https:\/\/budokanporrentruy.ch\/wp-content\/uploads\/2021\/12\/Site-2-300x200.jpg 300w, https:\/\/budokanporrentruy.ch\/wp-content\/uploads\/2021\/12\/Site-2-768x512.jpg 768w, https:\/\/budokanporrentruy.ch\/wp-content\/uploads\/2021\/12\/Site-2-1024x682.jpg 1024w\" sizes=\"(max-width: 300px) 100vw, 300px\" \/><\/p>\n<p>\u00a0<\/p>\n<p><strong>&gt;&gt; Les podiums par cat\u00e9gories :<\/strong><\/p>\n<p><a href=\"https:\/\/budokanporrentruy.ch\/wp-content\/uploads\/2021\/12\/CJI-2021-Podiums.pdf\" target=\"_blank\" rel=\"noopener noreferrer\">CJI 2021 &#8211; Podiums<\/a><\/p>\n<p><strong>&gt;&gt; Tableau des m\u00e9dailles :<\/strong><\/p>\n<p><a href=\"https:\/\/budokanporrentruy.ch\/wp-content\/uploads\/2021\/12\/CJI-2021-M\u00e9dailles.pdf\" target=\"_blank\" rel=\"noopener noreferrer\">CJI 2021 &#8211; M\u00e9dailles<\/a><\/p>\n<p>&gt;&gt; Retrouvez les <strong>photos des podiums<\/strong> sur notre <a href=\"https:\/\/www.facebook.com\/media\/set\/?set=a.1584109268615640&amp;type=3\" target=\"_blank\" rel=\"noopener noreferrer\">page Facebook<\/a><\/p>\n","protected":false},"excerpt":{"rendered":"<p>Quand : le dimanche 12 d\u00e9cembre 2021 O\u00f9 : Salle de l&rsquo;Oiselier \u00e0 Porrentruy Organisation : Budo-Kan Porrentruy Vous trouverez de plus amples informations sur l&rsquo;organisation, les horaires et les cat\u00e9gories dans le document ci-dessous : &gt;&gt; CJI 2021 &#8211; Informations Les r\u00e9sultats Apr\u00e8s une ann\u00e9e d&rsquo;interruption due \u00e0 la pand\u00e9mie de Covid-19, les championnats&#8230;<\/p>\n<p><a href=\"https:\/\/budokanporrentruy.ch\/index.php\/judo\/championnats-ju\/championnats-individuels\/cji-edition-2021\/\"><span class=\"glyphicon glyphicon-arrow-right\"><\/span>&nbsp;Poursuivre la lecture<\/a><\/p>","protected":false},"author":1,"featured_media":0,"parent":1516,"menu_order":0,"comment_status":"closed","ping_status":"closed","template":"","meta":{"footnotes":""},"class_list":["post-1714","page","type-page","status-publish","hentry"],"_links":{"self":[{"href":"https:\/\/budokanporrentruy.ch\/index.php\/wp-json\/wp\/v2\/pages\/1714"}],"collection":[{"href":"https:\/\/budokanporrentruy.ch\/index.php\/wp-json\/wp\/v2\/pages"}],"about":[{"href":"https:\/\/budokanporrentruy.ch\/index.php\/wp-json\/wp\/v2\/types\/page"}],"author":[{"embeddable":true,"href":"https:\/\/budokanporrentruy.ch\/index.php\/wp-json\/wp\/v2\/users\/1"}],"replies":[{"embeddable":true,"href":"https:\/\/budokanporrentruy.ch\/index.php\/wp-json\/wp\/v2\/comments?post=1714"}],"version-history":[{"count":12,"href":"https:\/\/budokanporrentruy.ch\/index.php\/wp-json\/wp\/v2\/pages\/1714\/revisions"}],"predecessor-version":[{"id":1736,"href":"https:\/\/budokanporrentruy.ch\/index.php\/wp-json\/wp\/v2\/pages\/1714\/revisions\/1736"}],"up":[{"embeddable":true,"href":"https:\/\/budokanporrentruy.ch\/index.php\/wp-json\/wp\/v2\/pages\/1516"}],"wp:attachment":[{"href":"https:\/\/budokanporrentruy.ch\/index.php\/wp-json\/wp\/v2\/media?parent=1714"}],"curies":[{"name":"wp","href":"https:\/\/api.w.org\/{rel}","templated":true}]}}

<p>Quand : le dimanche 12 décembre 2021</p>
<p>Où : Salle de l&rsquo;Oiselier à Porrentruy</p>
<p>Organisation : Budo-Kan Porrentruy</p>
<p>Vous trouverez de plus amples informations sur l&rsquo;organisation, les horaires et les catégories dans le document ci-dessous :</p>
<p><span style="font-size: inherit;">&gt;&gt; <a href="https://budokanporrentruy.ch/wp-content/uploads/2021/12/infos-CJI-2021.docx" target="_blank" rel="noopener noreferrer">CJI 2021 &#8211; Informations</a></span></p>
<h1>Les résultats</h1>
<p>Après une année d&rsquo;interruption due à la pandémie de Covid-19, les championnats 2021 se sont tenus dans une belle ambiance à l&rsquo;Oiselier. Au total, 24 titres de championne et champion jurassienꞏneꞏs ont été attribués aux quelque 86 participantꞏeꞏs.</p>
<p><img loading="lazy" decoding="async" class="size-medium wp-image-1720 alignright" src="https://budokanporrentruy.ch/wp-content/uploads/2021/12/Site-1-300x200.jpg" alt="" width="300" height="200" srcset="https://budokanporrentruy.ch/wp-content/uploads/2021/12/Site-1-300x200.jpg 300w, https://budokanporrentruy.ch/wp-content/uploads/2021/12/Site-1-768x512.jpg 768w, https://budokanporrentruy.ch/wp-content/uploads/2021/12/Site-1-1024x683.jpg 1024w" sizes="(max-width: 300px) 100vw, 300px" />Toutefois, en comptant les doubles-entrées, le tournoi a enregistré au total 102 inscriptions. Malgré la diminution du nombre absolu de judokaꞏteꞏs (96 en 2019), il s&rsquo;agit d&rsquo;un bilan réellement satisfaisant au vu des conditions.</p>
<p>À noter cette année l&rsquo;organisation d&rsquo;une catégorie Open (tous poids confondus) chez les élites masculins qui a rencontré un véritable succès, et qui a offert un spectacle de qualité aux plus jeunes et au public présent en nombre.</p>
<p>Enfin, comme d&rsquo;habitude, la pause de midi a été l&rsquo;occasion pour le président de l&rsquo;AJJ Pascal Domont de tirer le bilan de l&rsquo;année 2021 et récompenser les médailléꞏeꞏs aux championnats nationaux et aux championnats romands. Cette partie officielle s&rsquo;est tenue en présence notamment du directeur de la Fédération suisse de judo Samuel Knoepfel.</p>
<p><img loading="lazy" decoding="async" class="size-medium wp-image-1721 alignleft" src="https://budokanporrentruy.ch/wp-content/uploads/2021/12/Site-2-300x200.jpg" alt="" width="300" height="200" srcset="https://budokanporrentruy.ch/wp-content/uploads/2021/12/Site-2-300x200.jpg 300w, https://budokanporrentruy.ch/wp-content/uploads/2021/12/Site-2-768x512.jpg 768w, https://budokanporrentruy.ch/wp-content/uploads/2021/12/Site-2-1024x682.jpg 1024w" sizes="(max-width: 300px) 100vw, 300px" /></p>
<p> </p>
<p><strong>&gt;&gt; Les podiums par catégories :</strong></p>
<p><a href="https://budokanporrentruy.ch/wp-content/uploads/2021/12/CJI-2021-Podiums.pdf" target="_blank" rel="noopener noreferrer">CJI 2021 &#8211; Podiums</a></p>
<p><strong>&gt;&gt; Tableau des médailles :</strong></p>
<p><a href="https://budokanporrentruy.ch/wp-content/uploads/2021/12/CJI-2021-Médailles.pdf" target="_blank" rel="noopener noreferrer">CJI 2021 &#8211; Médailles</a></p>
<p>&gt;&gt; Retrouvez les <strong>photos des podiums</strong> sur notre <a href="https://www.facebook.com/media/set/?set=a.1584109268615640&amp;type=3" target="_blank" rel="noopener noreferrer">page Facebook</a></p>

<p>Quand : le dimanche 12 décembre 2021 Où : Salle de l&rsquo;Oiselier à Porrentruy Organisation : Budo-Kan Porrentruy Vous trouverez de plus amples informations sur l&rsquo;organisation, les horaires et les catégories dans le document ci-dessous : &gt;&gt; CJI 2021 &#8211; Informations Les résultats Après une année d&rsquo;interruption due à la pandémie de Covid-19, les championnats&#8230;</p>
<p><a href="https://budokanporrentruy.ch/index.php/judo/championnats-ju/championnats-individuels/cji-edition-2021/"><span class="glyphicon glyphicon-arrow-right"></span>&nbsp;Poursuivre la lecture</a></p>
