{"id":1938,"date":"2023-12-11T20:44:51","date_gmt":"2023-12-11T19:44:51","guid":{"rendered":"https:\/\/budokanporrentruy.ch\/?page_id=1938"},"modified":"2023-12-12T23:10:10","modified_gmt":"2023-12-12T22:10:10","slug":"championnat-jurassien-individuel-2023","status":"publish","type":"page","link":"https:\/\/budokanporrentruy.ch\/index.php\/judo\/championnats-ju\/championnats-individuels\/championnat-jurassien-individuel-2023\/","title":{"rendered":"Championnat jurassien individuel 2023"},"content":{"rendered":"\n<p><strong>La saison 2023 de judo s\u2019est termin\u00e9e le dimanche 10 d\u00e9cembre avec l\u2019organisation des traditionnels Championnats jurassiens individuels dans la grande salle de l&rsquo;Oiselier. Dans une tr\u00e8s belle atmosph\u00e8re, avec un public qui a r\u00e9pondu pr\u00e9sent, vingt-quatre titres cantonaux ont \u00e9t\u00e9 attribu\u00e9s \u00e0 plus d\u2019une centaine de participant\ua78fe\ua78fs, un chiffre qui affiche une belle augmentation.<\/strong><\/p>\n<p>En effet, le tournoi a enregistr\u00e9 au total 119 inscriptions, soit plus d\u2019une vingtaine suppl\u00e9mentaires que l\u2019ann\u00e9e pr\u00e9c\u00e9dente (97). C\u2019est une nouvelle r\u00e9jouissante tant pour le Budo-Kan Porrentruy, club organisateur, que l&rsquo;Association jurassienne de judo (AJJ).<\/p>\n<p><img loading=\"lazy\" decoding=\"async\" class=\" wp-image-1951 alignleft\" src=\"https:\/\/budokanporrentruy.ch\/wp-content\/uploads\/2023\/12\/DSC_2527-e1702323727894-300x200.jpg\" alt=\"\" width=\"371\" height=\"247\" srcset=\"https:\/\/budokanporrentruy.ch\/wp-content\/uploads\/2023\/12\/DSC_2527-e1702323727894-300x200.jpg 300w, https:\/\/budokanporrentruy.ch\/wp-content\/uploads\/2023\/12\/DSC_2527-e1702323727894-768x512.jpg 768w, https:\/\/budokanporrentruy.ch\/wp-content\/uploads\/2023\/12\/DSC_2527-e1702323727894-1024x683.jpg 1024w\" sizes=\"(max-width: 371px) 100vw, 371px\" \/><\/p>\n<p>\u00a0<\/p>\n<p>Au d\u00e9compte final, avec sept titres &#8211; comme l&rsquo;ann\u00e9e pr\u00e9c\u00e9dente -, le Budo-Kan Porrentruy remporte de justesse le classement des m\u00e9dailles, devant le Judo Club Moutier (6 titres). Avec cinq titres, le JC Del\u00e9mont compl\u00e8te le podium de la journ\u00e9e.<\/p>\n<p>\u00a0<\/p>\n<p>\u00a0<\/p>\n<p><strong>&gt;&gt; Le classement des m\u00e9dailles:<\/strong><\/p>\n<p><img loading=\"lazy\" decoding=\"async\" class=\"alignnone  wp-image-1950\" src=\"https:\/\/budokanporrentruy.ch\/wp-content\/uploads\/2023\/12\/M\u00e9dailles-300x113.png\" alt=\"\" width=\"504\" height=\"190\" srcset=\"https:\/\/budokanporrentruy.ch\/wp-content\/uploads\/2023\/12\/M\u00e9dailles-300x113.png 300w, https:\/\/budokanporrentruy.ch\/wp-content\/uploads\/2023\/12\/M\u00e9dailles-768x289.png 768w, https:\/\/budokanporrentruy.ch\/wp-content\/uploads\/2023\/12\/M\u00e9dailles-1024x386.png 1024w, https:\/\/budokanporrentruy.ch\/wp-content\/uploads\/2023\/12\/M\u00e9dailles.png 1104w\" sizes=\"(max-width: 504px) 100vw, 504px\" \/><\/p>\n<blockquote>\n<p><strong>&gt; Voir le d\u00e9tail: <a href=\"https:\/\/budokanporrentruy.ch\/wp-content\/uploads\/2023\/12\/CJI-2023-M\u00e9dailles-1.pdf\">CJI 2023 &#8211; M\u00e9dailles<\/a><\/strong><\/p>\n<\/blockquote>\n<p><img loading=\"lazy\" decoding=\"async\" class=\"alignright wp-image-1956\" src=\"https:\/\/budokanporrentruy.ch\/wp-content\/uploads\/2023\/12\/DSC_2564-1-300x200.jpg\" alt=\"\" width=\"390\" height=\"260\" srcset=\"https:\/\/budokanporrentruy.ch\/wp-content\/uploads\/2023\/12\/DSC_2564-1-300x200.jpg 300w, https:\/\/budokanporrentruy.ch\/wp-content\/uploads\/2023\/12\/DSC_2564-1-768x512.jpg 768w, https:\/\/budokanporrentruy.ch\/wp-content\/uploads\/2023\/12\/DSC_2564-1-1024x683.jpg 1024w\" sizes=\"(max-width: 390px) 100vw, 390px\" \/>Comme les deux ann\u00e9es pr\u00e9c\u00e9dentes, le clou de la matin\u00e9e a \u00e9t\u00e9 l&rsquo;organisation d&rsquo;une cat\u00e9gorie \u00ab\u00a0Open\u00a0\u00bb (toutes cat\u00e9gories) mixte chez les \u00e9lites. Juste avant la pause de midi, le public et les jeunes judoka\ua78fte\ua78fs ont ainsi pu appr\u00e9cier des combats de qualit\u00e9 entre les membres des \u00e9quipes masculines et f\u00e9minine de Judo Jura. Et pour la premi\u00e8re fois cette ann\u00e9e, c&rsquo;est le Budo-Kan Porrentruy qui a empoch\u00e9 le titre, gr\u00e2ce \u00e0 la victoire de Pierrik Jordan face \u00e0 Timoth\u00e9e Fettrelet (JC Del\u00e9mont).<\/p>\n<blockquote>\n<p><strong>&gt; Tous les podiums: <a href=\"https:\/\/budokanporrentruy.ch\/wp-content\/uploads\/2023\/12\/CJI-2023-Podiums.pdf\">CJI 2023 &#8211; Podiums<\/a><\/strong><\/p>\n<\/blockquote>\n<h3>&#8211; Partie officielle &#8211;<\/h3>\n<p><img loading=\"lazy\" decoding=\"async\" class=\"wp-image-1961 alignleft\" src=\"https:\/\/budokanporrentruy.ch\/wp-content\/uploads\/2023\/12\/DSC_2570-300x200.jpg\" alt=\"\" width=\"357\" height=\"238\" srcset=\"https:\/\/budokanporrentruy.ch\/wp-content\/uploads\/2023\/12\/DSC_2570-300x200.jpg 300w, https:\/\/budokanporrentruy.ch\/wp-content\/uploads\/2023\/12\/DSC_2570-768x512.jpg 768w, https:\/\/budokanporrentruy.ch\/wp-content\/uploads\/2023\/12\/DSC_2570-1024x683.jpg 1024w\" sizes=\"(max-width: 357px) 100vw, 357px\" \/>Avant la pause de midi, comme il en est l&rsquo;usage, le pr\u00e9sident de l&rsquo;AJJ Dominique Berchtold a pris la parole pour tirer le bilan de l&rsquo;ann\u00e9e 2023, saluer les diff\u00e9rentes qualifications aux finales nationales et r\u00e9compenser les m\u00e9daill\u00e9\ua78fe\ua78fs des championnats suisses et romands.<\/p>\n<p><img loading=\"lazy\" decoding=\"async\" class=\" wp-image-1962 alignright\" src=\"https:\/\/budokanporrentruy.ch\/wp-content\/uploads\/2023\/12\/DSC_2569-300x200.jpg\" alt=\"\" width=\"361\" height=\"240\" srcset=\"https:\/\/budokanporrentruy.ch\/wp-content\/uploads\/2023\/12\/DSC_2569-300x200.jpg 300w, https:\/\/budokanporrentruy.ch\/wp-content\/uploads\/2023\/12\/DSC_2569-768x512.jpg 768w, https:\/\/budokanporrentruy.ch\/wp-content\/uploads\/2023\/12\/DSC_2569-1024x683.jpg 1024w\" sizes=\"(max-width: 361px) 100vw, 361px\" \/><\/p>\n<p>\u00a0<\/p>\n<p>\u00a0<\/p>\n<p>Coordinatrice du tournoi et monitrice au BKP, Jessica Gurba a notamment \u00e9t\u00e9 honor\u00e9e pour sa place de vice-championne suisse \u00e9lite -52kg aux c\u00f4t\u00e9s de Patrick Reber (JC Del\u00e9mont), champion suisse v\u00e9t\u00e9ran -66kg.<\/p>\n","protected":false},"excerpt":{"rendered":"<p>La saison 2023 de judo s\u2019est termin\u00e9e le dimanche 10 d\u00e9cembre avec l\u2019organisation des traditionnels Championnats jurassiens individuels dans la grande salle de l&rsquo;Oiselier. Dans une tr\u00e8s belle atmosph\u00e8re, avec un public qui a r\u00e9pondu pr\u00e9sent, vingt-quatre titres cantonaux ont \u00e9t\u00e9 attribu\u00e9s \u00e0 plus d\u2019une centaine de participant\ua78fe\ua78fs, un chiffre qui affiche une belle augmentation&#8230;.<\/p>\n<p><a href=\"https:\/\/budokanporrentruy.ch\/index.php\/judo\/championnats-ju\/championnats-individuels\/championnat-jurassien-individuel-2023\/\"><span class=\"glyphicon glyphicon-arrow-right\"><\/span>&nbsp;Poursuivre la lecture<\/a><\/p>","protected":false},"author":1,"featured_media":1953,"parent":1516,"menu_order":0,"comment_status":"closed","ping_status":"closed","template":"","meta":{"footnotes":""},"class_list":["post-1938","page","type-page","status-publish","has-post-thumbnail","hentry"],"_links":{"self":[{"href":"https:\/\/budokanporrentruy.ch\/index.php\/wp-json\/wp\/v2\/pages\/1938"}],"collection":[{"href":"https:\/\/budokanporrentruy.ch\/index.php\/wp-json\/wp\/v2\/pages"}],"about":[{"href":"https:\/\/budokanporrentruy.ch\/index.php\/wp-json\/wp\/v2\/types\/page"}],"author":[{"embeddable":true,"href":"https:\/\/budokanporrentruy.ch\/index.php\/wp-json\/wp\/v2\/users\/1"}],"replies":[{"embeddable":true,"href":"https:\/\/budokanporrentruy.ch\/index.php\/wp-json\/wp\/v2\/comments?post=1938"}],"version-history":[{"count":15,"href":"https:\/\/budokanporrentruy.ch\/index.php\/wp-json\/wp\/v2\/pages\/1938\/revisions"}],"predecessor-version":[{"id":2074,"href":"https:\/\/budokanporrentruy.ch\/index.php\/wp-json\/wp\/v2\/pages\/1938\/revisions\/2074"}],"up":[{"embeddable":true,"href":"https:\/\/budokanporrentruy.ch\/index.php\/wp-json\/wp\/v2\/pages\/1516"}],"wp:featuredmedia":[{"embeddable":true,"href":"https:\/\/budokanporrentruy.ch\/index.php\/wp-json\/wp\/v2\/media\/1953"}],"wp:attachment":[{"href":"https:\/\/budokanporrentruy.ch\/index.php\/wp-json\/wp\/v2\/media?parent=1938"}],"curies":[{"name":"wp","href":"https:\/\/api.w.org\/{rel}","templated":true}]}}

<p><strong>La saison 2023 de judo s’est terminée le dimanche 10 décembre avec l’organisation des traditionnels Championnats jurassiens individuels dans la grande salle de l&rsquo;Oiselier. Dans une très belle atmosphère, avec un public qui a répondu présent, vingt-quatre titres cantonaux ont été attribués à plus d’une centaine de participantꞏeꞏs, un chiffre qui affiche une belle augmentation.</strong></p>
<p>En effet, le tournoi a enregistré au total 119 inscriptions, soit plus d’une vingtaine supplémentaires que l’année précédente (97). C’est une nouvelle réjouissante tant pour le Budo-Kan Porrentruy, club organisateur, que l&rsquo;Association jurassienne de judo (AJJ).</p>
<p><img loading="lazy" decoding="async" class=" wp-image-1951 alignleft" src="https://budokanporrentruy.ch/wp-content/uploads/2023/12/DSC_2527-e1702323727894-300x200.jpg" alt="" width="371" height="247" srcset="https://budokanporrentruy.ch/wp-content/uploads/2023/12/DSC_2527-e1702323727894-300x200.jpg 300w, https://budokanporrentruy.ch/wp-content/uploads/2023/12/DSC_2527-e1702323727894-768x512.jpg 768w, https://budokanporrentruy.ch/wp-content/uploads/2023/12/DSC_2527-e1702323727894-1024x683.jpg 1024w" sizes="(max-width: 371px) 100vw, 371px" /></p>
<p> </p>
<p>Au décompte final, avec sept titres &#8211; comme l&rsquo;année précédente -, le Budo-Kan Porrentruy remporte de justesse le classement des médailles, devant le Judo Club Moutier (6 titres). Avec cinq titres, le JC Delémont complète le podium de la journée.</p>
<p> </p>
<p> </p>
<p><strong>&gt;&gt; Le classement des médailles:</strong></p>
<p><img loading="lazy" decoding="async" class="alignnone  wp-image-1950" src="https://budokanporrentruy.ch/wp-content/uploads/2023/12/Médailles-300x113.png" alt="" width="504" height="190" srcset="https://budokanporrentruy.ch/wp-content/uploads/2023/12/Médailles-300x113.png 300w, https://budokanporrentruy.ch/wp-content/uploads/2023/12/Médailles-768x289.png 768w, https://budokanporrentruy.ch/wp-content/uploads/2023/12/Médailles-1024x386.png 1024w, https://budokanporrentruy.ch/wp-content/uploads/2023/12/Médailles.png 1104w" sizes="(max-width: 504px) 100vw, 504px" /></p>
<blockquote>
<p><strong>&gt; Voir le détail: <a href="https://budokanporrentruy.ch/wp-content/uploads/2023/12/CJI-2023-Médailles-1.pdf">CJI 2023 &#8211; Médailles</a></strong></p>
</blockquote>
<p><img loading="lazy" decoding="async" class="alignright wp-image-1956" src="https://budokanporrentruy.ch/wp-content/uploads/2023/12/DSC_2564-1-300x200.jpg" alt="" width="390" height="260" srcset="https://budokanporrentruy.ch/wp-content/uploads/2023/12/DSC_2564-1-300x200.jpg 300w, https://budokanporrentruy.ch/wp-content/uploads/2023/12/DSC_2564-1-768x512.jpg 768w, https://budokanporrentruy.ch/wp-content/uploads/2023/12/DSC_2564-1-1024x683.jpg 1024w" sizes="(max-width: 390px) 100vw, 390px" />Comme les deux années précédentes, le clou de la matinée a été l&rsquo;organisation d&rsquo;une catégorie « Open » (toutes catégories) mixte chez les élites. Juste avant la pause de midi, le public et les jeunes judokaꞏteꞏs ont ainsi pu apprécier des combats de qualité entre les membres des équipes masculines et féminine de Judo Jura. Et pour la première fois cette année, c&rsquo;est le Budo-Kan Porrentruy qui a empoché le titre, grâce à la victoire de Pierrik Jordan face à Timothée Fettrelet (JC Delémont).</p>
<blockquote>
<p><strong>&gt; Tous les podiums: <a href="https://budokanporrentruy.ch/wp-content/uploads/2023/12/CJI-2023-Podiums.pdf">CJI 2023 &#8211; Podiums</a></strong></p>
</blockquote>
<h3>&#8211; Partie officielle &#8211;</h3>
<p><img loading="lazy" decoding="async" class="wp-image-1961 alignleft" src="https://budokanporrentruy.ch/wp-content/uploads/2023/12/DSC_2570-300x200.jpg" alt="" width="357" height="238" srcset="https://budokanporrentruy.ch/wp-content/uploads/2023/12/DSC_2570-300x200.jpg 300w, https://budokanporrentruy.ch/wp-content/uploads/2023/12/DSC_2570-768x512.jpg 768w, https://budokanporrentruy.ch/wp-content/uploads/2023/12/DSC_2570-1024x683.jpg 1024w" sizes="(max-width: 357px) 100vw, 357px" />Avant la pause de midi, comme il en est l&rsquo;usage, le président de l&rsquo;AJJ Dominique Berchtold a pris la parole pour tirer le bilan de l&rsquo;année 2023, saluer les différentes qualifications aux finales nationales et récompenser les médailléꞏeꞏs des championnats suisses et romands.</p>
<p><img loading="lazy" decoding="async" class=" wp-image-1962 alignright" src="https://budokanporrentruy.ch/wp-content/uploads/2023/12/DSC_2569-300x200.jpg" alt="" width="361" height="240" srcset="https://budokanporrentruy.ch/wp-content/uploads/2023/12/DSC_2569-300x200.jpg 300w, https://budokanporrentruy.ch/wp-content/uploads/2023/12/DSC_2569-768x512.jpg 768w, https://budokanporrentruy.ch/wp-content/uploads/2023/12/DSC_2569-1024x683.jpg 1024w" sizes="(max-width: 361px) 100vw, 361px" /></p>
<p> </p>
<p> </p>
<p>Coordinatrice du tournoi et monitrice au BKP, Jessica Gurba a notamment été honorée pour sa place de vice-championne suisse élite -52kg aux côtés de Patrick Reber (JC Delémont), champion suisse vétéran -66kg.</p>

<p>La saison 2023 de judo s’est terminée le dimanche 10 décembre avec l’organisation des traditionnels Championnats jurassiens individuels dans la grande salle de l&rsquo;Oiselier. Dans une très belle atmosphère, avec un public qui a répondu présent, vingt-quatre titres cantonaux ont été attribués à plus d’une centaine de participantꞏeꞏs, un chiffre qui affiche une belle augmentation&#8230;.</p>
<p><a href="https://budokanporrentruy.ch/index.php/judo/championnats-ju/championnats-individuels/championnat-jurassien-individuel-2023/"><span class="glyphicon glyphicon-arrow-right"></span>&nbsp;Poursuivre la lecture</a></p>
