{"id":2143,"date":"2025-12-19T17:13:47","date_gmt":"2025-12-19T16:13:47","guid":{"rendered":"https:\/\/budokanporrentruy.ch\/?page_id=2143"},"modified":"2025-12-19T17:41:18","modified_gmt":"2025-12-19T16:41:18","slug":"championnat-jurassien-individuel-2025","status":"publish","type":"page","link":"https:\/\/budokanporrentruy.ch\/index.php\/judo\/championnats-ju\/championnats-individuels\/championnat-jurassien-individuel-2025\/","title":{"rendered":"Championnat jurassien individuel 2025"},"content":{"rendered":"\n\n\n\n\n<p><strong>La saison 2025 de judo s&rsquo;est conclue dimanche avec l&rsquo;organisation de nos traditionnels Championnats cantonaux individuels dans la salle de l&rsquo;Oiselier. Comme lors des deux derni\u00e8res \u00e9ditions, plus d&rsquo;une centaine de jeunes &#8211; et de moins jeunes &#8211; ont foul\u00e9 nos tatamis pour se disputer les 27 titres de champion ou championne cantonal\ua78fe qui ont \u00e9t\u00e9 attribu\u00e9s, le tout, comme d&rsquo;habitude, dans une ambiance de fair-play et de combativit\u00e9 irr\u00e9prochable.<\/strong><\/p>\n\n\n\n<p>\u00a0<\/p>\n<p><img loading=\"lazy\" decoding=\"async\" class=\"alignright wp-image-2153\" src=\"https:\/\/budokanporrentruy.ch\/wp-content\/uploads\/2025\/12\/IMG_6807-200x300.jpg\" alt=\"\" width=\"153\" height=\"230\" srcset=\"https:\/\/budokanporrentruy.ch\/wp-content\/uploads\/2025\/12\/IMG_6807-200x300.jpg 200w, https:\/\/budokanporrentruy.ch\/wp-content\/uploads\/2025\/12\/IMG_6807-683x1024.jpg 683w, https:\/\/budokanporrentruy.ch\/wp-content\/uploads\/2025\/12\/IMG_6807-768x1152.jpg 768w, https:\/\/budokanporrentruy.ch\/wp-content\/uploads\/2025\/12\/IMG_6807-1024x1536.jpg 1024w, https:\/\/budokanporrentruy.ch\/wp-content\/uploads\/2025\/12\/IMG_6807-1365x2048.jpg 1365w, https:\/\/budokanporrentruy.ch\/wp-content\/uploads\/2025\/12\/IMG_6807-scaled.jpg 1707w\" sizes=\"(max-width: 153px) 100vw, 153px\" \/><\/p>\n<p>La fr\u00e9quentation de ces CJI affiche une r\u00e9gularit\u00e9 remarquable puisque, comme en 2023 et en 2024, exactement 106 judokat\ua78fe\ua78fs de 6 \u00e0 40 ans ont foul\u00e9 les tatamis bruntrutains dimanche. En comptant les doubles-entr\u00e9es (inscriptions dans plusieurs cat\u00e9gories), le tournoi a enregistr\u00e9 au total 124 inscriptions, soit un peu plus que l\u2019ann\u00e9e pr\u00e9c\u00e9dente (117), confirmant une hausse quasi constante depuis 2018.<\/p>\n<p>\u00a0<\/p>\n<p>\u00a0<\/p>\n\n\n\n<p>Au tableau des m\u00e9dailles, c\u2019est le Budo-Kan Porrentruy reprend la t\u00eate de justesse au Judo Club Moutier. Les deux clubs d\u00e9crochent huit titres, et le BKP se d\u00e9tache avec une petite m\u00e9daille d&rsquo;argent suppl\u00e9mentaire. Le JC Del\u00e9mont remonte quant \u00e0 lui de la 6\u00e8me \u00e0 la 3\u00e8me place.<img loading=\"lazy\" decoding=\"async\" class=\"wp-image-2144 aligncenter\" src=\"https:\/\/budokanporrentruy.ch\/wp-content\/uploads\/2025\/12\/Tableau-des-medailles-300x147.png\" alt=\"\" width=\"382\" height=\"187\" srcset=\"https:\/\/budokanporrentruy.ch\/wp-content\/uploads\/2025\/12\/Tableau-des-medailles-300x147.png 300w, https:\/\/budokanporrentruy.ch\/wp-content\/uploads\/2025\/12\/Tableau-des-medailles.png 705w\" sizes=\"(max-width: 382px) 100vw, 382px\" \/><\/p>\n<p><strong>&gt;&gt; Le d\u00e9tail complet: <a href=\"https:\/\/budokanporrentruy.ch\/wp-content\/uploads\/2025\/12\/Tableaux-medailles-CJI-2025.pdf\">Tableau et r\u00e9partition des m\u00e9dailles &#8211; CJI 2025<\/a><\/strong><\/p>\n\n\n\n<div id=\"attachment_2148\" style=\"width: 313px\" class=\"wp-caption alignleft\"><img loading=\"lazy\" decoding=\"async\" aria-describedby=\"caption-attachment-2148\" class=\"wp-image-2148\" src=\"https:\/\/budokanporrentruy.ch\/wp-content\/uploads\/2025\/12\/Open-Elite-300x200.png\" alt=\"\" width=\"303\" height=\"202\" srcset=\"https:\/\/budokanporrentruy.ch\/wp-content\/uploads\/2025\/12\/Open-Elite-300x200.png 300w, https:\/\/budokanporrentruy.ch\/wp-content\/uploads\/2025\/12\/Open-Elite-1024x683.png 1024w, https:\/\/budokanporrentruy.ch\/wp-content\/uploads\/2025\/12\/Open-Elite-768x512.png 768w, https:\/\/budokanporrentruy.ch\/wp-content\/uploads\/2025\/12\/Open-Elite-1536x1024.png 1536w, https:\/\/budokanporrentruy.ch\/wp-content\/uploads\/2025\/12\/Open-Elite-2048x1365.png 2048w\" sizes=\"(max-width: 303px) 100vw, 303px\" \/><p id=\"caption-attachment-2148\" class=\"wp-caption-text\">Le podium Open: Pierrik Jordan (BKP, 1er), Vivien Krummenacher (BKP, 2e), Rom\u00e9o Fettrelet (JCD, 3e) et Bastien Beuchat (JCD, 3e).<\/p><\/div>\n<p>D\u00e9sormais traditionnel clou du spectacle en fin de matin\u00e9e, la cat\u00e9gorie Open mixte a couronn\u00e9 cette ann\u00e9e le Bruntrutain Pierrik Jordan. Il remporte cette cat\u00e9gorie pour la 2e fois en s&rsquo;imposant en finale devant un autre pensionnaire du BKP, le Fran\u00e7ais Vivien Krummenacher. Et pour la seconde ann\u00e9e cons\u00e9cutive, cette cat\u00e9gorie de gala a \u00e9t\u00e9 marqu\u00e9e par une participation record avec un total de 16 inscriptions, dont trois f\u00e9minines.<\/p>\n<p><strong>&gt;&gt; Les podiums (avec photos): <a href=\"https:\/\/budokanporrentruy.ch\/wp-content\/uploads\/2025\/12\/Podiums-CJI-2025-avec-photos.pdf\">Liste des podiums &#8211; CJI 2025<\/a><\/strong><\/p>\n\n\n\n<p>\u00a0<\/p>\n<p>Enfin, comme il en est l&rsquo;usage, le pr\u00e9sident de l&rsquo;AJJ Dominique Berchtold a pris la parole pour tirer le bilan de l&rsquo;ann\u00e9e. Il a salu\u00e9 le travail accompli dans les clubs de la r\u00e9gion et les diff\u00e9rentes \u00e9quipes de comp\u00e9tition cantonales, d\u00e9plorant toutefois l\u2019absence de m\u00e9dailles cette ann\u00e9es aux championnats suisses individuels.<\/p>\n<div id=\"attachment_2150\" style=\"width: 510px\" class=\"wp-caption aligncenter\"><img loading=\"lazy\" decoding=\"async\" aria-describedby=\"caption-attachment-2150\" class=\" wp-image-2150\" src=\"https:\/\/budokanporrentruy.ch\/wp-content\/uploads\/2025\/12\/IMG_6826-300x200.jpg\" alt=\"\" width=\"500\" height=\"333\" srcset=\"https:\/\/budokanporrentruy.ch\/wp-content\/uploads\/2025\/12\/IMG_6826-300x200.jpg 300w, https:\/\/budokanporrentruy.ch\/wp-content\/uploads\/2025\/12\/IMG_6826-1024x683.jpg 1024w, https:\/\/budokanporrentruy.ch\/wp-content\/uploads\/2025\/12\/IMG_6826-768x512.jpg 768w, https:\/\/budokanporrentruy.ch\/wp-content\/uploads\/2025\/12\/IMG_6826-1536x1024.jpg 1536w, https:\/\/budokanporrentruy.ch\/wp-content\/uploads\/2025\/12\/IMG_6826-2048x1365.jpg 2048w\" sizes=\"(max-width: 500px) 100vw, 500px\" \/><p id=\"caption-attachment-2150\" class=\"wp-caption-text\">Le jeune combattant du BKP Basile Crelier, \u00e0 l&rsquo;arbitrage durant l&rsquo;apr\u00e8s-midi.<\/p><\/div>\n\n\n\n<p>\u00a0<\/p>\n<p><strong style=\"font-size: revert; color: initial;\">&gt;&gt; Retrouvez la galerie photo compl\u00e8te sur notre page Facebook:<\/strong><\/p>\n<p><iframe loading=\"lazy\" style=\"border: none; overflow: hidden;\" src=\"https:\/\/www.facebook.com\/plugins\/post.php?href=https%3A%2F%2Fwww.facebook.com%2FBKPorrentruy%2Fposts%2Fpfbid03NdmWVdC4Pa3NRPd8iRzk5snLUWY26jpC875Jx3Nrpgdr7i8Dwpwo8m3k6KNp9Wvl&amp;show_text=true&amp;width=500\" width=\"500\" height=\"747\" frameborder=\"0\" scrolling=\"no\" allowfullscreen=\"allowfullscreen\"><\/iframe><\/p>\n\n\n","protected":false},"excerpt":{"rendered":"<p>La saison 2025 de judo s&rsquo;est conclue dimanche avec l&rsquo;organisation de nos traditionnels Championnats cantonaux individuels dans la salle de l&rsquo;Oiselier. Comme lors des deux derni\u00e8res \u00e9ditions, plus d&rsquo;une centaine de jeunes &#8211; et de moins jeunes &#8211; ont foul\u00e9 nos tatamis pour se disputer les 27 titres de champion ou championne cantonal\ua78fe qui ont&#8230;<\/p>\n<p><a href=\"https:\/\/budokanporrentruy.ch\/index.php\/judo\/championnats-ju\/championnats-individuels\/championnat-jurassien-individuel-2025\/\"><span class=\"glyphicon glyphicon-arrow-right\"><\/span>&nbsp;Poursuivre la lecture<\/a><\/p>","protected":false},"author":1,"featured_media":2178,"parent":1516,"menu_order":0,"comment_status":"closed","ping_status":"closed","template":"","meta":{"footnotes":""},"class_list":["post-2143","page","type-page","status-publish","has-post-thumbnail","hentry"],"_links":{"self":[{"href":"https:\/\/budokanporrentruy.ch\/index.php\/wp-json\/wp\/v2\/pages\/2143"}],"collection":[{"href":"https:\/\/budokanporrentruy.ch\/index.php\/wp-json\/wp\/v2\/pages"}],"about":[{"href":"https:\/\/budokanporrentruy.ch\/index.php\/wp-json\/wp\/v2\/types\/page"}],"author":[{"embeddable":true,"href":"https:\/\/budokanporrentruy.ch\/index.php\/wp-json\/wp\/v2\/users\/1"}],"replies":[{"embeddable":true,"href":"https:\/\/budokanporrentruy.ch\/index.php\/wp-json\/wp\/v2\/comments?post=2143"}],"version-history":[{"count":37,"href":"https:\/\/budokanporrentruy.ch\/index.php\/wp-json\/wp\/v2\/pages\/2143\/revisions"}],"predecessor-version":[{"id":2191,"href":"https:\/\/budokanporrentruy.ch\/index.php\/wp-json\/wp\/v2\/pages\/2143\/revisions\/2191"}],"up":[{"embeddable":true,"href":"https:\/\/budokanporrentruy.ch\/index.php\/wp-json\/wp\/v2\/pages\/1516"}],"wp:featuredmedia":[{"embeddable":true,"href":"https:\/\/budokanporrentruy.ch\/index.php\/wp-json\/wp\/v2\/media\/2178"}],"wp:attachment":[{"href":"https:\/\/budokanporrentruy.ch\/index.php\/wp-json\/wp\/v2\/media?parent=2143"}],"curies":[{"name":"wp","href":"https:\/\/api.w.org\/{rel}","templated":true}]}}