{"id":22,"date":"2016-12-05T10:01:53","date_gmt":"2016-12-05T09:01:53","guid":{"rendered":"https:\/\/budokanporrentruy.ch\/?page_id=22"},"modified":"2025-12-29T04:28:09","modified_gmt":"2025-12-29T03:28:09","slug":"horaire-entrainements","status":"publish","type":"page","link":"https:\/\/budokanporrentruy.ch\/index.php\/judo\/horaire-entrainements\/","title":{"rendered":"Horaires des entra\u00eenements"},"content":{"rendered":"<h2 style=\"text-align: left;\"><span style=\"color: #b20000; font-family: arial,helvetica,sans-serif;\">Mercredi<\/span><\/h2>\n<table style=\"width: 94.9426%; height: 170px;\">\n<tbody>\n<tr style=\"height: 42.75px;\">\n<td style=\"width: 32.4864%; height: 42.75px;\"><span style=\"font-family: arial,helvetica,sans-serif;\"><span style=\"font-family: arial,helvetica,sans-serif;\">16h30 &#8211; 17h30<\/span><\/span><\/td>\n<td style=\"width: 32.6679%; height: 42.75px;\"><span style=\"font-family: arial,helvetica,sans-serif;\"><span style=\"font-family: arial,helvetica,sans-serif;\">Groupe \u00ab\u00a0Enfants\u00a0\u00bb<\/span><\/span><\/td>\n<td style=\"width: 33.0309%; height: 42.75px;\">\n<p><strong><span style=\"font-family: arial,helvetica,sans-serif;\">Jessica Gurba<\/span><\/strong><\/p>\n<\/td>\n<\/tr>\n<tr>\n<td style=\"width: 32.4864%;\"><span style=\"font-family: arial,helvetica,sans-serif;\"><span style=\"font-family: arial,helvetica,sans-serif;\">17h45 &#8211; 19h00<br \/><\/span><\/span><\/td>\n<td style=\"width: 32.6679%;\"><span style=\"font-family: arial,helvetica,sans-serif;\"><span style=\"font-family: arial,helvetica,sans-serif;\">Groupe \u00ab\u00a0interm\u00e9diaire\u00a0\u00bb<br \/><\/span><\/span><\/td>\n<td style=\"width: 33.0309%;\">\n<p><strong><span style=\"font-family: arial,helvetica,sans-serif;\">Jessica Gurba<br \/><\/span><\/strong><\/p>\n<\/td>\n<\/tr>\n<tr style=\"height: 24px;\">\n<td style=\"width: 32.4864%; height: 24px;\">\n<p><span style=\"font-family: arial,helvetica,sans-serif;\">19h00 &#8211; 20h30<\/span><\/p>\n<\/td>\n<td style=\"width: 32.6679%; height: 24px;\"><span style=\"font-family: arial,helvetica,sans-serif;\">Groupe \u00ab\u00a0Ados\/Adultes\u00a0\u00bb<\/span><\/td>\n<td style=\"width: 33.0309%; height: 24px;\"><span style=\"font-family: arial,helvetica,sans-serif;\"><strong>Jessica Gurba<\/strong><br \/><\/span><\/td>\n<\/tr>\n<\/tbody>\n<\/table>\n<h2 style=\"text-align: left;\"><span style=\"color: #b20000; font-family: arial,helvetica,sans-serif;\">Lundi<\/span><\/h2>\n<table style=\"width: 94.8279%; height: 150px;\">\n<tbody>\n<tr>\n<td style=\"width: 32.4275%; text-align: left; vertical-align: top;\">\n<p><span style=\"font-family: arial,helvetica,sans-serif;\">17h45 &#8211; 19h00<\/span><\/p>\n<\/td>\n<td style=\"width: 32.7899%; text-align: left; vertical-align: top;\">\n<p><span style=\"font-family: arial,helvetica,sans-serif;\"><span style=\"font-family: arial,helvetica,sans-serif;\">Groupe \u00ab\u00a0Filles\u00a0\u00bb (100% f\u00e9minin)<\/span><\/span><\/p>\n<\/td>\n<td style=\"width: 33.1522%; text-align: left; vertical-align: top;\">\n<p><span style=\"font-family: arial,helvetica,sans-serif;\"><span style=\"font-family: arial,helvetica,sans-serif;\"><strong>Jessica Gurba<\/strong><\/span><\/span><\/p>\n<\/td>\n<\/tr>\n<tr style=\"height: 5px;\">\n<td style=\"width: 32.4275%; height: 76px; text-align: left; vertical-align: top;\">\n<p><span style=\"font-family: arial,helvetica,sans-serif;\">19h00 &#8211; 20h30<\/span><\/p>\n<\/td>\n<td style=\"width: 32.7899%; height: 76px; text-align: left; vertical-align: top;\">\n<p><span style=\"font-family: arial,helvetica,sans-serif;\"><span style=\"font-family: arial,helvetica,sans-serif;\">Groupe \u00ab\u00a0Ados\/Adultes\u00a0\u00bb<\/span><\/span><\/p>\n<\/td>\n<td style=\"width: 33.1522%; height: 76px; text-align: left; vertical-align: top;\">\n<p><span style=\"font-family: arial,helvetica,sans-serif;\"><span style=\"font-family: arial,helvetica,sans-serif;\"><strong>Jessica Gurba<\/strong><\/span><\/span><\/p>\n<\/td>\n<\/tr>\n<tr style=\"height: 5px;\">\n<td style=\"width: 32.4275%; height: 24px; text-align: left; vertical-align: top;\">\n<p><span style=\"font-family: arial,helvetica,sans-serif;\">20h30 &#8211; 21h00<\/span><\/p>\n<\/td>\n<td style=\"width: 32.7899%; height: 24px; text-align: left; vertical-align: top;\">\n<p><span style=\"font-family: arial,helvetica,sans-serif;\">Compl\u00e9ment \u00ab\u00a0Comp\u00e9titeurs\u00a0\u00bb<\/span><\/p>\n<\/td>\n<td style=\"width: 33.1522%; height: 24px; text-align: left; vertical-align: top;\">\n<p><span style=\"font-family: arial,helvetica,sans-serif;\"><strong>Jessica Gurba<\/strong><\/span><\/p>\n<\/td>\n<\/tr>\n<\/tbody>\n<\/table>\n\n\n<h2 class=\"wp-block-heading\">L&rsquo;\u00e9quipe<\/h2>\n\n\n<p><img loading=\"lazy\" decoding=\"async\" class=\"wp-image-1695 size-medium alignleft\" src=\"https:\/\/budokanporrentruy.ch\/wp-content\/uploads\/2021\/11\/redim-240x300.jpg\" alt=\"\" width=\"240\" height=\"300\" srcset=\"https:\/\/budokanporrentruy.ch\/wp-content\/uploads\/2021\/11\/redim-240x300.jpg 240w, https:\/\/budokanporrentruy.ch\/wp-content\/uploads\/2021\/11\/redim-768x960.jpg 768w, https:\/\/budokanporrentruy.ch\/wp-content\/uploads\/2021\/11\/redim-819x1024.jpg 819w\" sizes=\"(max-width: 240px) 100vw, 240px\" \/><\/p>\n<p><strong>Jessica GURBA<\/strong> est responsable technique de la section Judo du club, un poste qu&rsquo;elle a repris en 2019. Monitrice homologu\u00e9e J+S et J+S Kids, elle donne des entra\u00eenements depuis de nombreuses ann\u00e9es au sein du Budo-Kan. Deux fois vice-championne suisse Junior (2016, 2017, 2023) et m\u00e9daill\u00e9e de bronze \u00c9lite en 2019, 2021 et 2022, elle pratique encore la comp\u00e9tition individuelle et est \u00e9galement titulaire dans la s\u00e9lection cantonale de Judo Jura Filles.<\/p>\n\n\n<p>\u00a0<\/p>\n<p><br \/><br \/><br \/><\/p>\n<p><img loading=\"lazy\" decoding=\"async\" class=\"size-medium wp-image-1913 alignright\" src=\"https:\/\/budokanporrentruy.ch\/wp-content\/uploads\/2023\/11\/52536830127_9711903e73_o-197x300.jpg\" alt=\"\" width=\"197\" height=\"300\" srcset=\"https:\/\/budokanporrentruy.ch\/wp-content\/uploads\/2023\/11\/52536830127_9711903e73_o-197x300.jpg 197w, https:\/\/budokanporrentruy.ch\/wp-content\/uploads\/2023\/11\/52536830127_9711903e73_o-768x1170.jpg 768w, https:\/\/budokanporrentruy.ch\/wp-content\/uploads\/2023\/11\/52536830127_9711903e73_o-672x1024.jpg 672w, https:\/\/budokanporrentruy.ch\/wp-content\/uploads\/2023\/11\/52536830127_9711903e73_o.jpg 1172w\" sizes=\"(max-width: 197px) 100vw, 197px\" \/><\/p>\n<p>\u00a0<\/p>\n<p><strong>Pierrik JORDAN<\/strong>\u00a0est moniteur et coach J+S pour le club. Bas\u00e9 aujourd&rsquo;hui \u00e0 Lausanne, il remplace occasionnellement Jessica, principalement pour les entrainements de comp\u00e9tition. Membre du club depuis pr\u00e8s de 20 ans, il d\u00e9fend toujours les couleurs du BKP en comp\u00e9titions individuelles. Avec l&rsquo;\u00e9quipe Judo Jura Hommes, il a combattu plusieurs saisons en Ligue Nationale A et milite encore aujourd&rsquo;hui en LNB.<\/p>\n","protected":false},"excerpt":{"rendered":"<p>Mercredi 16h30 &#8211; 17h30 Groupe \u00ab\u00a0Enfants\u00a0\u00bb Jessica Gurba 17h45 &#8211; 19h00 Groupe \u00ab\u00a0interm\u00e9diaire\u00a0\u00bb Jessica Gurba 19h00 &#8211; 20h30 Groupe \u00ab\u00a0Ados\/Adultes\u00a0\u00bb Jessica Gurba Lundi 17h45 &#8211; 19h00 Groupe \u00ab\u00a0Filles\u00a0\u00bb (100% f\u00e9minin) Jessica Gurba 19h00 &#8211; 20h30 Groupe \u00ab\u00a0Ados\/Adultes\u00a0\u00bb Jessica Gurba 20h30 &#8211; 21h00 Compl\u00e9ment \u00ab\u00a0Comp\u00e9titeurs\u00a0\u00bb Jessica Gurba L&rsquo;\u00e9quipe Jessica GURBA est responsable technique de la section&#8230;<\/p>\n<p><a href=\"https:\/\/budokanporrentruy.ch\/index.php\/judo\/horaire-entrainements\/\"><span class=\"glyphicon glyphicon-arrow-right\"><\/span>&nbsp;Poursuivre la lecture<\/a><\/p>","protected":false},"author":1,"featured_media":0,"parent":8,"menu_order":2,"comment_status":"closed","ping_status":"closed","template":"","meta":{"footnotes":""},"class_list":["post-22","page","type-page","status-publish","hentry"],"_links":{"self":[{"href":"https:\/\/budokanporrentruy.ch\/index.php\/wp-json\/wp\/v2\/pages\/22"}],"collection":[{"href":"https:\/\/budokanporrentruy.ch\/index.php\/wp-json\/wp\/v2\/pages"}],"about":[{"href":"https:\/\/budokanporrentruy.ch\/index.php\/wp-json\/wp\/v2\/types\/page"}],"author":[{"embeddable":true,"href":"https:\/\/budokanporrentruy.ch\/index.php\/wp-json\/wp\/v2\/users\/1"}],"replies":[{"embeddable":true,"href":"https:\/\/budokanporrentruy.ch\/index.php\/wp-json\/wp\/v2\/comments?post=22"}],"version-history":[{"count":33,"href":"https:\/\/budokanporrentruy.ch\/index.php\/wp-json\/wp\/v2\/pages\/22\/revisions"}],"predecessor-version":[{"id":2203,"href":"https:\/\/budokanporrentruy.ch\/index.php\/wp-json\/wp\/v2\/pages\/22\/revisions\/2203"}],"up":[{"embeddable":true,"href":"https:\/\/budokanporrentruy.ch\/index.php\/wp-json\/wp\/v2\/pages\/8"}],"wp:attachment":[{"href":"https:\/\/budokanporrentruy.ch\/index.php\/wp-json\/wp\/v2\/media?parent=22"}],"curies":[{"name":"wp","href":"https:\/\/api.w.org\/{rel}","templated":true}]}}

Horaires des entraînements

<h2 style="text-align: left;"><span style="color: #b20000; font-family: arial,helvetica,sans-serif;">Mercredi</span></h2>
<table style="width: 94.9426%; height: 170px;">
<tbody>
<tr style="height: 42.75px;">
<td style="width: 32.4864%; height: 42.75px;"><span style="font-family: arial,helvetica,sans-serif;"><span style="font-family: arial,helvetica,sans-serif;">16h30 &#8211; 17h30</span></span></td>
<td style="width: 32.6679%; height: 42.75px;"><span style="font-family: arial,helvetica,sans-serif;"><span style="font-family: arial,helvetica,sans-serif;">Groupe « Enfants »</span></span></td>
<td style="width: 33.0309%; height: 42.75px;">
<p><strong><span style="font-family: arial,helvetica,sans-serif;">Jessica Gurba</span></strong></p>
</td>
</tr>
<tr>
<td style="width: 32.4864%;"><span style="font-family: arial,helvetica,sans-serif;"><span style="font-family: arial,helvetica,sans-serif;">17h45 &#8211; 19h00<br /></span></span></td>
<td style="width: 32.6679%;"><span style="font-family: arial,helvetica,sans-serif;"><span style="font-family: arial,helvetica,sans-serif;">Groupe « intermédiaire »<br /></span></span></td>
<td style="width: 33.0309%;">
<p><strong><span style="font-family: arial,helvetica,sans-serif;">Jessica Gurba<br /></span></strong></p>
</td>
</tr>
<tr style="height: 24px;">
<td style="width: 32.4864%; height: 24px;">
<p><span style="font-family: arial,helvetica,sans-serif;">19h00 &#8211; 20h30</span></p>
</td>
<td style="width: 32.6679%; height: 24px;"><span style="font-family: arial,helvetica,sans-serif;">Groupe « Ados/Adultes »</span></td>
<td style="width: 33.0309%; height: 24px;"><span style="font-family: arial,helvetica,sans-serif;"><strong>Jessica Gurba</strong><br /></span></td>
</tr>
</tbody>
</table>
<h2 style="text-align: left;"><span style="color: #b20000; font-family: arial,helvetica,sans-serif;">Lundi</span></h2>
<table style="width: 94.8279%; height: 150px;">
<tbody>
<tr>
<td style="width: 32.4275%; text-align: left; vertical-align: top;">
<p><span style="font-family: arial,helvetica,sans-serif;">17h45 &#8211; 19h00</span></p>
</td>
<td style="width: 32.7899%; text-align: left; vertical-align: top;">
<p><span style="font-family: arial,helvetica,sans-serif;"><span style="font-family: arial,helvetica,sans-serif;">Groupe « Filles » (100% féminin)</span></span></p>
</td>
<td style="width: 33.1522%; text-align: left; vertical-align: top;">
<p><span style="font-family: arial,helvetica,sans-serif;"><span style="font-family: arial,helvetica,sans-serif;"><strong>Jessica Gurba</strong></span></span></p>
</td>
</tr>
<tr style="height: 5px;">
<td style="width: 32.4275%; height: 76px; text-align: left; vertical-align: top;">
<p><span style="font-family: arial,helvetica,sans-serif;">19h00 &#8211; 20h30</span></p>
</td>
<td style="width: 32.7899%; height: 76px; text-align: left; vertical-align: top;">
<p><span style="font-family: arial,helvetica,sans-serif;"><span style="font-family: arial,helvetica,sans-serif;">Groupe « Ados/Adultes »</span></span></p>
</td>
<td style="width: 33.1522%; height: 76px; text-align: left; vertical-align: top;">
<p><span style="font-family: arial,helvetica,sans-serif;"><span style="font-family: arial,helvetica,sans-serif;"><strong>Jessica Gurba</strong></span></span></p>
</td>
</tr>
<tr style="height: 5px;">
<td style="width: 32.4275%; height: 24px; text-align: left; vertical-align: top;">
<p><span style="font-family: arial,helvetica,sans-serif;">20h30 &#8211; 21h00</span></p>
</td>
<td style="width: 32.7899%; height: 24px; text-align: left; vertical-align: top;">
<p><span style="font-family: arial,helvetica,sans-serif;">Complément « Compétiteurs »</span></p>
</td>
<td style="width: 33.1522%; height: 24px; text-align: left; vertical-align: top;">
<p><span style="font-family: arial,helvetica,sans-serif;"><strong>Jessica Gurba</strong></span></p>
</td>
</tr>
</tbody>
</table>


<h2 class="wp-block-heading">L&rsquo;équipe</h2>


<p><img loading="lazy" decoding="async" class="wp-image-1695 size-medium alignleft" src="https://budokanporrentruy.ch/wp-content/uploads/2021/11/redim-240x300.jpg" alt="" width="240" height="300" srcset="https://budokanporrentruy.ch/wp-content/uploads/2021/11/redim-240x300.jpg 240w, https://budokanporrentruy.ch/wp-content/uploads/2021/11/redim-768x960.jpg 768w, https://budokanporrentruy.ch/wp-content/uploads/2021/11/redim-819x1024.jpg 819w" sizes="(max-width: 240px) 100vw, 240px" /></p>
<p><strong>Jessica GURBA</strong> est responsable technique de la section Judo du club, un poste qu&rsquo;elle a repris en 2019. Monitrice homologuée J+S et J+S Kids, elle donne des entraînements depuis de nombreuses années au sein du Budo-Kan. Deux fois vice-championne suisse Junior (2016, 2017, 2023) et médaillée de bronze Élite en 2019, 2021 et 2022, elle pratique encore la compétition individuelle et est également titulaire dans la sélection cantonale de Judo Jura Filles.</p>


<p> </p>
<p><br /><br /><br /></p>
<p><img loading="lazy" decoding="async" class="size-medium wp-image-1913 alignright" src="https://budokanporrentruy.ch/wp-content/uploads/2023/11/52536830127_9711903e73_o-197x300.jpg" alt="" width="197" height="300" srcset="https://budokanporrentruy.ch/wp-content/uploads/2023/11/52536830127_9711903e73_o-197x300.jpg 197w, https://budokanporrentruy.ch/wp-content/uploads/2023/11/52536830127_9711903e73_o-768x1170.jpg 768w, https://budokanporrentruy.ch/wp-content/uploads/2023/11/52536830127_9711903e73_o-672x1024.jpg 672w, https://budokanporrentruy.ch/wp-content/uploads/2023/11/52536830127_9711903e73_o.jpg 1172w" sizes="(max-width: 197px) 100vw, 197px" /></p>
<p> </p>
<p><strong>Pierrik JORDAN</strong> est moniteur et coach J+S pour le club. Basé aujourd&rsquo;hui à Lausanne, il remplace occasionnellement Jessica, principalement pour les entrainements de compétition. Membre du club depuis près de 20 ans, il défend toujours les couleurs du BKP en compétitions individuelles. Avec l&rsquo;équipe Judo Jura Hommes, il a combattu plusieurs saisons en Ligue Nationale A et milite encore aujourd&rsquo;hui en LNB.</p>

<p>Mercredi 16h30 &#8211; 17h30 Groupe « Enfants » Jessica Gurba 17h45 &#8211; 19h00 Groupe « intermédiaire » Jessica Gurba 19h00 &#8211; 20h30 Groupe « Ados/Adultes » Jessica Gurba Lundi 17h45 &#8211; 19h00 Groupe « Filles » (100% féminin) Jessica Gurba 19h00 &#8211; 20h30 Groupe « Ados/Adultes » Jessica Gurba 20h30 &#8211; 21h00 Complément « Compétiteurs » Jessica Gurba L&rsquo;équipe Jessica GURBA est responsable technique de la section&#8230;</p>
<p><a href="https://budokanporrentruy.ch/index.php/judo/horaire-entrainements/"><span class="glyphicon glyphicon-arrow-right"></span>&nbsp;Poursuivre la lecture</a></p>
