{"id":37,"date":"2016-12-05T10:04:45","date_gmt":"2016-12-05T09:04:45","guid":{"rendered":"https:\/\/budokanporrentruy.ch\/?page_id=37"},"modified":"2024-05-13T08:40:32","modified_gmt":"2024-05-13T06:40:32","slug":"comite","status":"publish","type":"page","link":"https:\/\/budokanporrentruy.ch\/index.php\/le-club\/comite\/","title":{"rendered":"Comit\u00e9"},"content":{"rendered":"<table style=\"width: 100%;\">\n<tbody>\n<tr>\n<td style=\"vertical-align: top; width: 26.5517%;\"><strong>Pr\u00e9sidente<\/strong><\/td>\n<td style=\"width: 31.0345%;\">Maria Gurba<br \/>\nC\u00f4te Champ-Fran\u00e7on 14<br \/>\n2942 Alle<\/td>\n<td style=\"vertical-align: top; width: 40.6897%;\">mgh.gurba@bluewin.ch<br \/>\n079 364 05 25<\/td>\n<\/tr>\n<tr>\n<td style=\"vertical-align: top; width: 26.5517%;\"><strong>Secr\u00e9taire<\/strong><\/td>\n<td style=\"width: 31.0345%;\">Martine De Smet<br \/>\nFinage 38<br \/>\n2856 Bo\u00e9court<\/td>\n<td style=\"vertical-align: top; width: 40.6897%;\">martine_desmet@outlook.fr<br \/>\n079 378 83 51<\/td>\n<\/tr>\n<tr>\n<td style=\"vertical-align: top; width: 26.5517%;\"><strong>Tr\u00e9sori\u00e8re<\/strong><\/td>\n<td style=\"width: 31.0345%;\">Carole Juillerat<br \/>\nLa Terri\u00e8re 7<br \/>\n2942 Alle<\/td>\n<td style=\"vertical-align: top; width: 40.6897%;\">c.juillerat@bluewin.ch<br \/>\n078 607 45 22<\/td>\n<\/tr>\n<tr>\n<td style=\"vertical-align: top; width: 26.5517%;\"><strong>Repr\u00e9sentant A\u00efkido<\/strong><\/td>\n<td style=\"width: 31.0345%;\">Nathan Beureux<br \/>\nChemin de la\u00a0Vasselle 13<br \/>\n2942 Alle<\/td>\n<td style=\"vertical-align: top; width: 40.6897%;\">\u00a0nathanskaterpro@hotmail.com<br \/>\n079\u00a0895 78 06<\/td>\n<\/tr>\n<tr>\n<td style=\"vertical-align: top; width: 26.5517%;\"><strong>Repr\u00e9sentante Judo<\/strong><\/td>\n<td style=\"width: 31.0345%;\">Jessica Gurba<br \/>\nC\u00f4te Champ-Fran\u00e7on 14<br \/>\n2942 Alle<\/td>\n<td style=\"vertical-align: top; width: 40.6897%;\">jessica.gurba@bluewin.ch<br \/>\n078 751 89 19<\/td>\n<\/tr>\n<tr>\n<td style=\"vertical-align: top; width: 26.5517%;\"><strong>Assesseure<\/strong><\/td>\n<td style=\"width: 31.0345%;\">Bernadette Draghinda<br \/>\nLa Motte 6<br \/>\n2889 Ocourt<\/td>\n<td style=\"vertical-align: top; width: 40.6897%;\">b.draghinda@gmail.com<br \/>\n032 461 35 48<\/td>\n<\/tr>\n<tr>\n<td style=\"vertical-align: top; width: 26.5517%;\"><strong>Assesseure<\/strong><\/td>\n<td style=\"width: 31.0345%;\">Carole Juillerat<br \/>\nLa Terri\u00e8re 7<br \/>\n2942 Alle<\/td>\n<td style=\"vertical-align: top; width: 40.6897%;\">c.juillerat@bluewin.ch<br \/>\n078 607 45 22<\/td>\n<\/tr>\n<\/tbody>\n<\/table>\n","protected":false},"excerpt":{"rendered":"<p>Pr\u00e9sidente Maria Gurba C\u00f4te Champ-Fran\u00e7on 14 2942 Alle mgh.gurba@bluewin.ch 079 364 05 25 Secr\u00e9taire Martine De Smet Finage 38 2856 Bo\u00e9court martine_desmet@outlook.fr 079 378 83 51 Tr\u00e9sori\u00e8re Carole Juillerat La Terri\u00e8re 7 2942 Alle c.juillerat@bluewin.ch 078 607 45 22 Repr\u00e9sentant A\u00efkido Nathan Beureux Chemin de la\u00a0Vasselle 13 2942 Alle \u00a0nathanskaterpro@hotmail.com 079\u00a0895 78 06 Repr\u00e9sentante Judo&#8230;<\/p>\n<p><a href=\"https:\/\/budokanporrentruy.ch\/index.php\/le-club\/comite\/\"><span class=\"glyphicon glyphicon-arrow-right\"><\/span>&nbsp;Poursuivre la lecture<\/a><\/p>","protected":false},"author":1,"featured_media":0,"parent":12,"menu_order":2,"comment_status":"closed","ping_status":"closed","template":"","meta":{"footnotes":""},"class_list":["post-37","page","type-page","status-publish","hentry"],"_links":{"self":[{"href":"https:\/\/budokanporrentruy.ch\/index.php\/wp-json\/wp\/v2\/pages\/37"}],"collection":[{"href":"https:\/\/budokanporrentruy.ch\/index.php\/wp-json\/wp\/v2\/pages"}],"about":[{"href":"https:\/\/budokanporrentruy.ch\/index.php\/wp-json\/wp\/v2\/types\/page"}],"author":[{"embeddable":true,"href":"https:\/\/budokanporrentruy.ch\/index.php\/wp-json\/wp\/v2\/users\/1"}],"replies":[{"embeddable":true,"href":"https:\/\/budokanporrentruy.ch\/index.php\/wp-json\/wp\/v2\/comments?post=37"}],"version-history":[{"count":10,"href":"https:\/\/budokanporrentruy.ch\/index.php\/wp-json\/wp\/v2\/pages\/37\/revisions"}],"predecessor-version":[{"id":2029,"href":"https:\/\/budokanporrentruy.ch\/index.php\/wp-json\/wp\/v2\/pages\/37\/revisions\/2029"}],"up":[{"embeddable":true,"href":"https:\/\/budokanporrentruy.ch\/index.php\/wp-json\/wp\/v2\/pages\/12"}],"wp:attachment":[{"href":"https:\/\/budokanporrentruy.ch\/index.php\/wp-json\/wp\/v2\/media?parent=37"}],"curies":[{"name":"wp","href":"https:\/\/api.w.org\/{rel}","templated":true}]}}