{"id":41,"date":"2016-12-05T10:05:41","date_gmt":"2016-12-05T09:05:41","guid":{"rendered":"https:\/\/budokanporrentruy.ch\/?page_id=41"},"modified":"2023-11-17T22:25:41","modified_gmt":"2023-11-17T21:25:41","slug":"historique-du-club","status":"publish","type":"page","link":"https:\/\/budokanporrentruy.ch\/index.php\/le-club\/historique-du-club\/","title":{"rendered":"Historique du club"},"content":{"rendered":"<p style=\"text-align: justify;\">Sous l&rsquo;impulsion des membres fondateurs Fran\u00e7oise Schl\u00fcchter, Roland Monnot, Fran\u00e7ois Chavanne, Jacques Neuenschwander et Jacques Racheter, le Budo-Kan Porrentruy a \u00e9t\u00e9 cr\u00e9\u00e9 le 8 d\u00e9cembre 1977. \u00c9taient pr\u00e9sents \u00e0 la premi\u00e8re assembl\u00e9e constitutive, outre les personnes pr\u00e9cit\u00e9es, G\u00e9rard Quenet, Yves Jolissaint, Fran\u00e7ois Valley, Yvan Pierre et Guido Amann. Le comit\u00e9 fut nomm\u00e9 comme suit :<\/p>\n<ul>\n<li>Pr\u00e9sident : G\u00e9rard Quenet<\/li>\n<li>Vice-pr\u00e9sident : Fran\u00e7ois Chavanne<\/li>\n<li>Directeur technique : Roland Monnot<\/li>\n<li>Secr\u00e9taire : Fran\u00e7oise Schluchter<\/li>\n<li>Caissier : Jacques Racheter<\/li>\n<\/ul>\n<p style=\"text-align: justify;\">L&rsquo;entra\u00eenement est assur\u00e9 par Roland Monnot (1er dan), Fran\u00e7ois Chavanne (1er kyu) et Jacques Racheter (1er kyu). Un dojo ( 7 x 17 m ) a \u00e9t\u00e9 trouv\u00e9 \u00e0 la rue de la Perche 2 \u00e0 Porrentruy.<\/p>\n<p style=\"text-align: justify;\">Le 16 d\u00e9cembre de la m\u00eame ann\u00e9e, une s\u00e9ance d&rsquo;information est mise sur pied avec la collaboration de Jo Cortat du Judo Club de Del\u00e9mont. 25 personnes y assistent. L&rsquo;assembl\u00e9e de l&rsquo;ann\u00e9e suivante regroupe d\u00e9j\u00e0 30 personnes. On peut lire dans le proc\u00e8s-verbal de cette assembl\u00e9e \u00ab\u00a0Le vice-pr\u00e9sident rappelle que le Budo Kan Porrentruy a \u00e9t\u00e9 cr\u00e9\u00e9 par quelques anciens membres du Judo-Club Porrentruy\u00a0\u00bb. L&rsquo;inauguration officielle du club a eu lieu le 4 mars 1978. Le 1er avril de la m\u00eame ann\u00e9e, le Budo-Kan Porrentruy demandait son admission \u00e0 l&rsquo;Association Suisse de Judo.<\/p>\n<p style=\"text-align: justify;\">Depuis 1988, le club a son DOJO au sous-sol du Centre sportif de l&rsquo;Oiselier \u00e0 Porrentruy.<\/p>\n<p style=\"text-align: justify;\">En 2002, suite \u00e0 la dissolution du JUDO-CLUB Porrentruy, plusieurs membres de ce club ont rejoint les rangs du Budo-Kan Porrentruy.<\/p>\n<p>Les pr\u00e9sident-e-s :<\/p>\n<p><span style=\"font-size: 12pt;\">1977 \u00e0 1978\u00a0 : G\u00e9rard Quenet<br \/>\n<\/span><span style=\"font-size: 12pt;\">1978 \u00e0 1982\u00a0 : Roland Monnot<\/span><br \/>\n<span style=\"font-size: 12pt;\"> 1983 \u00e0 1985\u00a0 : Andr\u00e9 Bellenot<\/span><br \/>\n<span style=\"font-size: 12pt;\"> 1986 \u00e0 1988\u00a0 : Jacques Neuenschwander<\/span><br \/>\n<span style=\"font-size: 12pt;\"> 1989 \u00e0 1999\u00a0 : Jacques Racheter<\/span><br \/>\n<span style=\"font-size: 12pt;\"> 2000 \u00e0 2003 : Philippe Job\u00e9<br \/>\n<\/span><span style=\"font-size: 12pt;\">2004 \u00e0 2008 : Jacques F\u00e9lix<br \/>\n<\/span><span style=\"font-size: 12pt;\">2009 \u00e0 ce jour : Maria Gurba<\/span><\/p>\n<p>Le Budo-Kan Porrentruy compte actuellement deux\u00a0sections : \u00a0JUDO et\u00a0AIKIDO.<\/p>\n","protected":false},"excerpt":{"rendered":"<p>Sous l&rsquo;impulsion des membres fondateurs Fran\u00e7oise Schl\u00fcchter, Roland Monnot, Fran\u00e7ois Chavanne, Jacques Neuenschwander et Jacques Racheter, le Budo-Kan Porrentruy a \u00e9t\u00e9 cr\u00e9\u00e9 le 8 d\u00e9cembre 1977. \u00c9taient pr\u00e9sents \u00e0 la premi\u00e8re assembl\u00e9e constitutive, outre les personnes pr\u00e9cit\u00e9es, G\u00e9rard Quenet, Yves Jolissaint, Fran\u00e7ois Valley, Yvan Pierre et Guido Amann. Le comit\u00e9 fut nomm\u00e9 comme suit :&#8230;<\/p>\n<p><a href=\"https:\/\/budokanporrentruy.ch\/index.php\/le-club\/historique-du-club\/\"><span class=\"glyphicon glyphicon-arrow-right\"><\/span>&nbsp;Poursuivre la lecture<\/a><\/p>","protected":false},"author":1,"featured_media":0,"parent":12,"menu_order":4,"comment_status":"closed","ping_status":"closed","template":"","meta":{"footnotes":""},"class_list":["post-41","page","type-page","status-publish","hentry"],"_links":{"self":[{"href":"https:\/\/budokanporrentruy.ch\/index.php\/wp-json\/wp\/v2\/pages\/41"}],"collection":[{"href":"https:\/\/budokanporrentruy.ch\/index.php\/wp-json\/wp\/v2\/pages"}],"about":[{"href":"https:\/\/budokanporrentruy.ch\/index.php\/wp-json\/wp\/v2\/types\/page"}],"author":[{"embeddable":true,"href":"https:\/\/budokanporrentruy.ch\/index.php\/wp-json\/wp\/v2\/users\/1"}],"replies":[{"embeddable":true,"href":"https:\/\/budokanporrentruy.ch\/index.php\/wp-json\/wp\/v2\/comments?post=41"}],"version-history":[{"count":8,"href":"https:\/\/budokanporrentruy.ch\/index.php\/wp-json\/wp\/v2\/pages\/41\/revisions"}],"predecessor-version":[{"id":1924,"href":"https:\/\/budokanporrentruy.ch\/index.php\/wp-json\/wp\/v2\/pages\/41\/revisions\/1924"}],"up":[{"embeddable":true,"href":"https:\/\/budokanporrentruy.ch\/index.php\/wp-json\/wp\/v2\/pages\/12"}],"wp:attachment":[{"href":"https:\/\/budokanporrentruy.ch\/index.php\/wp-json\/wp\/v2\/media?parent=41"}],"curies":[{"name":"wp","href":"https:\/\/api.w.org\/{rel}","templated":true}]}}